{"id":16,"date":"2013-05-30T23:28:01","date_gmt":"2013-05-30T23:28:01","guid":{"rendered":"http:\/\/www.dosojos.com.ar\/?page_id=16"},"modified":"2025-07-31T15:10:29","modified_gmt":"2025-07-31T15:10:29","slug":"bio","status":"publish","type":"page","link":"http:\/\/www.dosojos.com.ar\/?page_id=16","title":{"rendered":"Acerca de dosojos"},"content":{"rendered":"\t\t<div data-elementor-type=\"wp-post\" data-elementor-id=\"16\" class=\"elementor elementor-16 elementor-bc-flex-widget\">\n\t\t\t\t\t\t<section class=\"elementor-section elementor-top-section elementor-element elementor-element-5e8a9067 elementor-section-stretched elementor-section-full_width elementor-section-height-default elementor-section-height-default\" data-id=\"5e8a9067\" data-element_type=\"section\" data-settings=\"{&quot;stretch_section&quot;:&quot;section-stretched&quot;}\">\n\t\t\t\t\t\t<div class=\"elementor-container elementor-column-gap-default\">\n\t\t\t\t\t<div class=\"elementor-column elementor-col-100 elementor-top-column elementor-element elementor-element-59234d62 elementor-invisible\" data-id=\"59234d62\" data-element_type=\"column\" data-settings=\"{&quot;animation&quot;:&quot;fadeIn&quot;}\">\n\t\t\t<div class=\"elementor-widget-wrap elementor-element-populated\">\n\t\t\t\t\t\t<div class=\"elementor-element elementor-element-6889738 elementor-invisible elementor-widget elementor-widget-text-editor\" data-id=\"6889738\" data-element_type=\"widget\" data-settings=\"{&quot;_animation&quot;:&quot;fadeIn&quot;}\" data-widget_type=\"text-editor.default\">\n\t\t\t\t<div class=\"elementor-widget-container\">\n\t\t\t\t\t\t\t\t\t<p style=\"text-align: center;\">Gracias a la fotograf\u00eda descubrimos la parte nuestra que no podemos demostrar con palabras.<\/p><p style=\"text-align: center;\">A trav\u00e9s de las im\u00e1genes los hechos se transforman en instantes y nos permiten transportarnos en el tiempo.<\/p><p style=\"text-align: center;\">Es un momento \u00fanico el cual jam\u00e1s se repetir\u00e1.<\/p><p style=\"text-align: center;\">En esta p\u00e1gina entregamos todo lo que queremos mostrar en esos momentos \u00fanicos. Todo lo que sale de nosotros, nuestra experiencia y conocimiento.<\/p><p style=\"text-align: center;\">Dedicamos varios a\u00f1os a instruirnos profesionalmente y formarnos como fot\u00f3grafos profesionales y publicistas. Nos avalan carrera y cursos de fotograf\u00eda publicitaria, de marketing y un abanico de trabajos realizados para revistas, restaurantes, bares, eventos sociales as\u00ed como tambi\u00e9n diferentes marcas de moda y producto.<\/p><p style=\"text-align: center;\">Nuestro equipo tiene como premisa y objetivo atender las necesidades de los clientes y trabajar junto a ellos en cada momento.<\/p><p style=\"text-align: center;\"><strong> Diego Montoliu\u00a0<\/strong><\/p>\t\t\t\t\t\t\t\t<\/div>\n\t\t\t\t<\/div>\n\t\t\t\t\t<\/div>\n\t\t<\/div>\n\t\t\t\t\t<\/div>\n\t\t<\/section>\n\t\t\t\t<section class=\"elementor-section elementor-top-section elementor-element elementor-element-ba70f13 elementor-section-boxed elementor-section-height-default elementor-section-height-default\" data-id=\"ba70f13\" data-element_type=\"section\">\n\t\t\t\t\t\t<div class=\"elementor-container elementor-column-gap-default\">\n\t\t\t\t\t<div class=\"elementor-column elementor-col-100 elementor-top-column elementor-element elementor-element-5aadf39\" data-id=\"5aadf39\" data-element_type=\"column\">\n\t\t\t<div class=\"elementor-widget-wrap elementor-element-populated\">\n\t\t\t\t\t\t<div class=\"elementor-element elementor-element-e117248 elementor-widget elementor-widget-image\" data-id=\"e117248\" data-element_type=\"widget\" data-widget_type=\"image.default\">\n\t\t\t\t<div class=\"elementor-widget-container\">\n\t\t\t\t\t\t\t\t\t\t\t\t\t\t\t<img decoding=\"async\" width=\"150\" height=\"150\" src=\"http:\/\/www.dosojos.com.ar\/wp-content\/uploads\/2013\/05\/Foto11-150x150.jpg\" class=\"attachment-thumbnail size-thumbnail wp-image-47\" alt=\"\" \/>\t\t\t\t\t\t\t\t\t\t\t\t\t\t\t<\/div>\n\t\t\t\t<\/div>\n\t\t\t\t\t<\/div>\n\t\t<\/div>\n\t\t\t\t\t<\/div>\n\t\t<\/section>\n\t\t\t\t<section class=\"elementor-section elementor-top-section elementor-element elementor-element-3bb1679 elementor-section-boxed elementor-section-height-default elementor-section-height-default\" data-id=\"3bb1679\" data-element_type=\"section\">\n\t\t\t\t\t\t<div class=\"elementor-container elementor-column-gap-default\">\n\t\t\t\t\t<div class=\"elementor-column elementor-col-100 elementor-top-column elementor-element elementor-element-904dc4a\" data-id=\"904dc4a\" data-element_type=\"column\">\n\t\t\t<div class=\"elementor-widget-wrap elementor-element-populated\">\n\t\t\t\t\t\t<div class=\"elementor-element elementor-element-8044fb6 elementor-align-center elementor-widget elementor-widget-button\" data-id=\"8044fb6\" data-element_type=\"widget\" data-widget_type=\"button.default\">\n\t\t\t\t<div class=\"elementor-widget-container\">\n\t\t\t\t\t\t\t\t\t<div class=\"elementor-button-wrapper\">\n\t\t\t\t\t<a class=\"elementor-button elementor-button-link elementor-size-md\" href=\"http:\/\/www.dosojos.com.ar\/?page_id=1740\">\n\t\t\t\t\t\t<span class=\"elementor-button-content-wrapper\">\n\t\t\t\t\t\t\t\t\t<span class=\"elementor-button-text\">contacto<\/span>\n\t\t\t\t\t<\/span>\n\t\t\t\t\t<\/a>\n\t\t\t\t<\/div>\n\t\t\t\t\t\t\t\t<\/div>\n\t\t\t\t<\/div>\n\t\t\t\t\t<\/div>\n\t\t<\/div>\n\t\t\t\t\t<\/div>\n\t\t<\/section>\n\t\t\t\t<\/div>\n\t\t","protected":false},"excerpt":{"rendered":"<p>Gracias a la fotograf\u00eda descubrimos la parte nuestra que no podemos demostrar con palabras. A trav\u00e9s de las im\u00e1genes los hechos se [&hellip;]<\/p>\n","protected":false},"author":1,"featured_media":0,"parent":0,"menu_order":0,"comment_status":"closed","ping_status":"closed","template":"","meta":{"footnotes":""},"class_list":["post-16","page","type-page","status-publish","hentry"],"_links":{"self":[{"href":"http:\/\/www.dosojos.com.ar\/index.php?rest_route=\/wp\/v2\/pages\/16","targetHints":{"allow":["GET"]}}],"collection":[{"href":"http:\/\/www.dosojos.com.ar\/index.php?rest_route=\/wp\/v2\/pages"}],"about":[{"href":"http:\/\/www.dosojos.com.ar\/index.php?rest_route=\/wp\/v2\/types\/page"}],"author":[{"embeddable":true,"href":"http:\/\/www.dosojos.com.ar\/index.php?rest_route=\/wp\/v2\/users\/1"}],"replies":[{"embeddable":true,"href":"http:\/\/www.dosojos.com.ar\/index.php?rest_route=%2Fwp%2Fv2%2Fcomments&post=16"}],"version-history":[{"count":34,"href":"http:\/\/www.dosojos.com.ar\/index.php?rest_route=\/wp\/v2\/pages\/16\/revisions"}],"predecessor-version":[{"id":1809,"href":"http:\/\/www.dosojos.com.ar\/index.php?rest_route=\/wp\/v2\/pages\/16\/revisions\/1809"}],"wp:attachment":[{"href":"http:\/\/www.dosojos.com.ar\/index.php?rest_route=%2Fwp%2Fv2%2Fmedia&parent=16"}],"curies":[{"name":"wp","href":"https:\/\/api.w.org\/{rel}","templated":true}]}}